 -40 + 28. Let m(h) = -186*h - 233 + 481 - 231. Is m(y) a prime number?
False
Let l be (-1110)/20 - (1 - 3)/4. Let s = 1894 - l. Is s composite?
False
Let b(q) = -2*q**2 - q - 6. Let a be b(-2). Is (-220174)/a + 80/(-96) prime?
False
Let z = -67758 - -97241. Is z a prime number?
True
Suppose -w = 3, 2*i - 56 = 5*w - 3*w. Let x be 23*i + (-21)/(-21). Let c = 1025 - x. Is c a prime number?
True
Let f = 57 - 98. Let s = f - -36. Let x(w) = -w**3 - 4*w**2 + 3*w - 4. Is x(s) a prime number?
False
Is (-161 - -5)/12 + 158322 composite?
True
Let u(p) = 3839*p**2 - 298*p + 34. Is u(-5) prime?
True
Let l be ((-23)/((-460)/48))/(6/(-20)). Let b(p) = -p**3 - 5*p**2 - 20*p + 19. Is b(l) composite?
True
Is 3977878/7 + 1863/(-1449) prime?
False
Suppose -4*s - 2 = 2*w, 1 = -2*w - 5*s - 3. Is (10/6 + -2)/(w/(-73701)) a composite number?
True
Let z(j) = 9*j**2 - 226*j - 39. Is z(46) prime?
True
Suppose 0*v - 5*v - 106 = -3*y, -2*v = -2*y + 40. Is -2 + 0 + (-30291)/v prime?
False
Let l = 302 + -289. Suppose -l*w + 2669 = 4*w. Is w composite?
False
Let u(n) = 1110143*n + 468. Is u(1) composite?
False
Let y = 384 + -180. Suppose -y = -2*n + 2*h + 158, 5*h = -4*n + 742. Is n prime?
False
Let b(h) = -13 + 34*h**3 - 12*h**3 + 15343*h + 5*h**2 - 15344*h. Let k(w) = w - 2. Let p be k(5). Is b(p) prime?
False
Suppose 0 = -829*m + 823*m + 280110. Suppose 14*g - 19*g = -m. Is g composite?
False
Suppose -2*h + 0*p = 2*p + 4, -6 = 3*h - 4*p. Let t be (1/h)/((-10)/(-31560)). Let k = 1625 - t. Is k a prime number?
True
Let h be (-11)/((-33)/84) - (1 + -1). Is 51*(16/(-12) + 1 + h) a prime number?
False
Let p = 219571 - -204652. Is p a prime number?
True
Suppose -2*o + 3 + 19 = -5*i, 2*o = -2*i - 6. Let g be (4/(-6))/(8/(-12)). Is 610 - i - (g + -1) composite?
True
Let u = 59475 + -27068. Is u prime?
False
Suppose 0 = 2*n - 4*u - 1156494, -3*u + 4 + 2 = 0. Is n a prime number?
True
Let h = -1078212 - -1601183. Is h a prime number?
False
Let t(i) = i**3 - 7*i**2 + 2*i - 11. Let k be t(7). Suppose k*u + 3*a = -0*u + 513, 5*u + a = 875. Let q = u + -102. Is q composite?
True
Let h = -1020 + 1644. Suppose -2*p = -0*p - 10. Suppose -f = p*y - 427 - h, 3*f - 621 = -3*y. Is y prime?
True
Suppose j + 1 = -0*j. Let d(b) = 7*b**2 + b. Let v be d(j). Suppose -n = -1 - v. Is n composite?
False
Let j = -134936 - -241110. Is j composite?
True
Let o(f) = -48*f - 8. Let j be o(-6). Let b be 1385 + 15*(-22)/(-33). Let t = b - j. Is t prime?
False
Suppose o = -5*f + 290341, -15*o + 174153 = 3*f - 23*o. Is f composite?
False
Let u = 66807 - 23086. Is u prime?
True
Let r = -45761 - -83502. Suppose -831 = 10*z - r. Is z a prime number?
True
Let l be -2 - -1 - (-15)/3. Suppose i - 8 - 9 = -4*r, -l*i + 4 = 0. Suppose 4631 = 2*g + 3*x, -r*x + 2314 = g - x. Is g composite?
True
Let o = 54 - -34. Let h = o + -89. Is (8 - 3)/((-258)/(-257) + h) prime?
False
Suppose -5*z + 9*z + 108 = 0. Is 1/(-6)*-8 - 830673/z composite?
True
Suppose 0*l = 4*l + 5*o - 17177, 17198 = 4*l - 2*o. Let s = l + -1711. Is s a prime number?
False
Let i be (-1 - -21896)*(-5)/((-100)/(-8)). Let b = -2291 - i. Is b composite?
True
Is (-128178)/12*((-1575)/27 - 9) prime?
False
Suppose -p - 7 = 4*u - 2, 36 = -3*p - 5*u. Let y = 20 + p. Is 122 + (y/(-6) - 6/(-4)) a prime number?
False
Let g(a) = 12*a - 4 + 16 + a**2 + 20*a**2. Let u be g(-8). Let z = 2099 - u. Is z composite?
False
Suppose 6*f = 2*f - 2*z - 16, -3*f + 2*z = -2. Is (f/(-1 + -1))/((-6)/(-19938)) composite?
False
Let h(u) = -92*u**3 + 0*u**2 - 8 - 3*u + 5 + 2*u + 0*u + 2*u**2. Is h(-4) a prime number?
False
Let y = -52 - -56. Suppose -y*k - 29 + 561 = 0. Is k composite?
True
Let m(d) = 2*d**2 + 35*d - 9. Let a(w) = -w**2 - 18*w + 4. Let z(p) = 13*a(p) + 6*m(p). Let y be z(-24). Is y - (-2*(1 + 83) - -3) a composite number?
False
Let j(u) = -354*u**3 - 12*u**2 - 125. Is j(-22) prime?
False
Let p(r) = 218*r**2 - 4*r + 28. Let h be p(-6). Let l = h - 83. Is l a prime number?
True
Suppose -10*a = -8*a - 114. Let k be a*(12/9 + 1). Is -1 - (3/((-6)/(-2)) - k) prime?
True
Let t = -117 - -115. Let a be (1933/3)/((-21)/9 - t). Let y = a - -6374. Is y prime?
True
Let y(f) = 6*f - 19. Suppose 0 = i - 4*b + 12, -2*i - b + 4*b - 4 = 0. Let s be y(i). Suppose 1084 - 199 = s*x. Is x composite?
True
Let a = -17 + 31. Suppose -a = -s + 6. Let v(l) = 6*l + 25. Is v(s) composite?
True
Let w(i) = 14*i**2 + 89*i + 53. Let m = 81 + -105. Is w(m) composite?
False
Suppose y = 3*s - 588960, 181*y = -3*s + 183*y + 588963. Is s a prime number?
False
Suppose 87 = 41*g - 77. Suppose -22414 = -4*l - c - c, 2*l = -g*c + 11210. Is l prime?
False
Let a(f) = f**2 - 11*f - 4. Let r be a(20). Let s = 246 - r. Suppose -b + s = -43. Is b a composite number?
False
Let h(r) = 751*r + 401. Is h(2) prime?
False
Let j(i) be the first derivative of i**2 - 20*i + 18. Let d be j(9). Let k(r) = -11*r**3 + 2*r**2 - 2*r - 3. Is k(d) a composite number?
False
Let o = -33741 - -56354. Is o a prime number?
True
Let f = 2348 - -2116. Let r = f - -1891. Suppose j + r = 3*n, 0 = 4*n + 3*j - 0*j - 8482. Is n a composite number?
True
Let v = 1141111 - -295416. Is v a prime number?
True
Let v = 57 - 66. Let n be 215*2 - (v + 11). Suppose 3*b - 2819 + n = 0. Is b a prime number?
True
Let v(i) = -i**2 + 2*i - 1. Let j(t) = -2*t**2 + 81*t + 228. Let s(b) = j(b) - 4*v(b). Is s(55) a composite number?
True
Let t(z) = 9*z + 65. Let p be t(-7). Suppose p*n + 2*n - 92736 = 5*l, l = -3*n + 69571. Is n a prime number?
True
Suppose -3*l + 14*n + 310284 = 9*n, 517171 = 5*l + 2*n. Is l a prime number?
False
Let m be 1/8 + (-538040)/(-64). Suppose -d + m = 2*r, 21020 = 7*r - 2*r + 3*d. Is r composite?
False
Let n be ((-3)/12*-6)/(2/(-4)). Let k be -181 + (n + 0 - -4). Let r = -65 - k. Is r a prime number?
False
Suppose 124*f = 4841 + 443657 + 925794. Is f a composite number?
False
Is 2/6 - 547927952/(-561) a composite number?
False
Suppose -3*g + 5*r + 495512 = 0, -525*g - 165166 = -526*g - 3*r. Is g composite?
True
Let j be (7702/3)/(4 + 14/(-3)). Let d = j + 6054. Is d composite?
False
Let g(d) = -8*d - 26. Let h be g(-4). Let j(s) = 106*s**2 + 13*s + 9. Is j(h) a composite number?
True
Let h = 4594 - -2465. Suppose -4*w + h = t - 0*t, 7065 = 4*w - 5*t. Is w a prime number?
False
Let c(u) = -9*u**3 - 123*u**2 - 71*u - 187. Is c(-30) a composite number?
False
Let h = -363945 - -617798. Is h a prime number?
True
Let g be 65/40 - (-9)/(-48)*-2. Suppose -g*v = 2*u - 15834, -3*u + 16 - 10 = 0. Is v a composite number?
True
Let b(p) = -24114*p - 5509. Is b(-46) composite?
True
Suppose m - 7830 - 45559 = 4*d, -4*m - 4*d = -213616. Is m composite?
False
Suppose 66850 = -4*o - 3*o. Is o/(-5) - -6 - 1 composite?
True
Let g = 18120 + -3229. Is g a composite number?
False
Let b = 5 - 5. Is 317/((-4)/(-4 + b)) composite?
False
Let n(z) = -83*z**3 + 5*z**2 + 8*z - 1. Let k(v) = -v**3 - v**2 - v. Let q(c) = -6*k(c) - n(c). Let o be 1*2*3/6. Is q(o) a prime number?
True
Suppose 2*k + t - 3 = 0, 2*k - 4*t + 2 + 10 = 0. Suppose -6*v - 3*v + 11241 = k. Is v a composite number?
False
Is (8/6 - (-177961240)/240)*(-4)/(-7) a composite number?
True
Let w = -38 + 113. Suppose -3*r + w - 16 = -m, r + 231 = -5*m. Let v = 426 + m. Is v a prime number?
True
Let u be ((-335)/20)/((-1)/508). Suppose -j - 4*z + u = 0, 2*z = j - 4*j + 25507. Is j a prime number?
True
Is 58274 - (4/14 - (-950)/350) a prime number?
True
Let m(y) = 5*y**2 + 4*y - 3. Let w be m(1). Let o be 1665*w*1/9. Suppose -2*q = 36 - o. Is q prime?
False
Suppose 0 = -189*k + 166817739 + 217914157 - 62350627. Is k a composite number?
False
Let m = -1818 - -173551. Is m a prime number?
True
Let h(d) = -835*d + 833. Is h(-24) prime?
True
Let p = 16117 - 9480. Is p a prime number?
True
Let w = -2258 - -3694. Let y(h) = -757*h**2 - h + 1. Let r be y(1). Let a = w + r. Is a a composite number?
True
Is 211984 - -41 - (4 + 2/2*-8) prime?
True
Let l(a) = 9*a + 18. Let g(q) = 17*q + 36. Let f(j) = -4*g(j) + 9*l(j). Suppose y + 14 + 6 = 5*k, 3*y = 15. Is f(k) a composite number?
False
Let k(j) = 53 - 151 + 75 - 12836*j. Is k(-1) composite?
True
Let d = 55907 + -23076. Is d prime?
True
Is 4/8 + 4*3778960/128 composite?
False
Let m(c) be the second derivative of -c**4/12 - c**3/3 + 613*c**2/2 - c - 20. Is m(0